[INFO] cloning repository https://github.com/motrice/insignia-datastore
[INFO] running `Command { std: "git" "-c" "credential.helper=" "-c" "credential.helper=/workspace/cargo-home/bin/git-credential-null" "clone" "--bare" "https://github.com/motrice/insignia-datastore" "/workspace/cache/git-repos/https%3A%2F%2Fgithub.com%2Fmotrice%2Finsignia-datastore", kill_on_drop: false }`
[INFO] [stderr] Cloning into bare repository '/workspace/cache/git-repos/https%3A%2F%2Fgithub.com%2Fmotrice%2Finsignia-datastore'...
[INFO] running `Command { std: "git" "rev-parse" "HEAD", kill_on_drop: false }`
[INFO] [stdout] 443a2a14e1b7efa230db5df4443c58067ba9147b
[INFO] checking motrice/insignia-datastore against master#cfbc6d4cf1acbac5c025acf8ed68929caa551df3 for pr-75494-beta
[INFO] running `Command { std: "git" "clone" "/workspace/cache/git-repos/https%3A%2F%2Fgithub.com%2Fmotrice%2Finsignia-datastore" "/workspace/builds/worker-0/source", kill_on_drop: false }`
[INFO] [stderr] Cloning into '/workspace/builds/worker-0/source'...
[INFO] [stderr] done.
[INFO] validating manifest of git repo https://github.com/motrice/insignia-datastore on toolchain cfbc6d4cf1acbac5c025acf8ed68929caa551df3
[INFO] running `Command { std: "/workspace/cargo-home/bin/cargo" "+cfbc6d4cf1acbac5c025acf8ed68929caa551df3" "read-manifest" "--manifest-path" "Cargo.toml", kill_on_drop: false }`
[INFO] started tweaking git repo https://github.com/motrice/insignia-datastore
[INFO] finished tweaking git repo https://github.com/motrice/insignia-datastore
[INFO] tweaked toml for git repo https://github.com/motrice/insignia-datastore written to /workspace/builds/worker-0/source/Cargo.toml
[INFO] crate git repo https://github.com/motrice/insignia-datastore already has a lockfile, it will not be regenerated
[INFO] running `Command { std: "/workspace/cargo-home/bin/cargo" "+cfbc6d4cf1acbac5c025acf8ed68929caa551df3" "fetch" "--locked" "--manifest-path" "Cargo.toml", kill_on_drop: false }`
[INFO] [stderr] error: the lock file /workspace/builds/worker-0/source/Cargo.lock needs to be updated but --locked was passed to prevent this
[INFO] [stderr] If you want to try to generate the lock file without accessing the network, use the --offline flag.
[INFO] the lockfile is outdated, regenerating it
[INFO] running `Command { std: "/workspace/cargo-home/bin/cargo" "+cfbc6d4cf1acbac5c025acf8ed68929caa551df3" "generate-lockfile" "--manifest-path" "Cargo.toml" "-Zno-index-update", kill_on_drop: false }`
[INFO] running `Command { std: "/workspace/cargo-home/bin/cargo" "+cfbc6d4cf1acbac5c025acf8ed68929caa551df3" "fetch" "--locked" "--manifest-path" "Cargo.toml", kill_on_drop: false }`
[INFO] [stderr]     Blocking waiting for file lock on package cache
[INFO] [stderr]     Blocking waiting for file lock on package cache
[INFO] [stderr]  Downloading crates ...
[INFO] [stderr]   Downloaded concurrent-queue v1.2.2
[INFO] [stderr]   Downloaded rusoto_core v0.43.0
[INFO] [stderr]   Downloaded async-channel v1.4.0
[INFO] [stderr]   Downloaded rusoto_s3 v0.43.0
[INFO] [stderr]   Downloaded fastrand v1.3.4
[INFO] [stderr]   Downloaded rusoto_credential v0.43.0
[INFO] [stderr]   Downloaded futures-lite v0.1.11
[INFO] [stderr]   Downloaded parking v2.0.0
[INFO] [stderr]   Downloaded rusoto_dynamodb v0.43.0
[INFO] [stderr]   Downloaded rusoto_signature v0.43.0
[INFO] [stderr]   Downloaded event-listener v2.4.0
[INFO] [stderr]   Downloaded serde_dynamodb v0.5.1
[INFO] running `Command { std: "docker" "create" "-v" "/var/lib/crater-agent-workspace/builds/worker-0/target:/opt/rustwide/target:rw,Z" "-v" "/var/lib/crater-agent-workspace/builds/worker-0/source:/opt/rustwide/workdir:ro,Z" "-v" "/var/lib/crater-agent-workspace/cargo-home:/opt/rustwide/cargo-home:ro,Z" "-v" "/var/lib/crater-agent-workspace/rustup-home:/opt/rustwide/rustup-home:ro,Z" "-e" "SOURCE_DIR=/opt/rustwide/workdir" "-e" "CARGO_TARGET_DIR=/opt/rustwide/target" "-e" "CARGO_HOME=/opt/rustwide/cargo-home" "-e" "RUSTUP_HOME=/opt/rustwide/rustup-home" "-w" "/opt/rustwide/workdir" "-m" "1610612736" "--user" "0:0" "--network" "none" "rustops/crates-build-env@sha256:a636fd89d022f18117e1dc8fb37a0a009933cdbbe082814857f0e2024962d47c" "/opt/rustwide/cargo-home/bin/cargo" "+cfbc6d4cf1acbac5c025acf8ed68929caa551df3" "metadata" "--no-deps" "--format-version=1", kill_on_drop: false }`
[INFO] [stderr] WARNING: Your kernel does not support swap limit capabilities or the cgroup is not mounted. Memory limited without swap.
[INFO] [stdout] 2bb7ddd181005ec68e411f8c62095d1a4089daecbaef07c60ebcc942e4842a4d
[INFO] running `Command { std: "docker" "start" "-a" "2bb7ddd181005ec68e411f8c62095d1a4089daecbaef07c60ebcc942e4842a4d", kill_on_drop: false }`
[INFO] running `Command { std: "docker" "inspect" "2bb7ddd181005ec68e411f8c62095d1a4089daecbaef07c60ebcc942e4842a4d", kill_on_drop: false }`
[INFO] running `Command { std: "docker" "rm" "-f" "2bb7ddd181005ec68e411f8c62095d1a4089daecbaef07c60ebcc942e4842a4d", kill_on_drop: false }`
[INFO] [stdout] 2bb7ddd181005ec68e411f8c62095d1a4089daecbaef07c60ebcc942e4842a4d
[INFO] running `Command { std: "docker" "create" "-v" "/var/lib/crater-agent-workspace/builds/worker-0/target:/opt/rustwide/target:rw,Z" "-v" "/var/lib/crater-agent-workspace/builds/worker-0/source:/opt/rustwide/workdir:ro,Z" "-v" "/var/lib/crater-agent-workspace/cargo-home:/opt/rustwide/cargo-home:ro,Z" "-v" "/var/lib/crater-agent-workspace/rustup-home:/opt/rustwide/rustup-home:ro,Z" "-e" "SOURCE_DIR=/opt/rustwide/workdir" "-e" "CARGO_TARGET_DIR=/opt/rustwide/target" "-e" "CARGO_INCREMENTAL=0" "-e" "RUST_BACKTRACE=full" "-e" "RUSTFLAGS=--cap-lints=forbid" "-e" "CARGO_HOME=/opt/rustwide/cargo-home" "-e" "RUSTUP_HOME=/opt/rustwide/rustup-home" "-w" "/opt/rustwide/workdir" "-m" "1610612736" "--user" "0:0" "--network" "none" "rustops/crates-build-env@sha256:a636fd89d022f18117e1dc8fb37a0a009933cdbbe082814857f0e2024962d47c" "/opt/rustwide/cargo-home/bin/cargo" "+cfbc6d4cf1acbac5c025acf8ed68929caa551df3" "check" "--frozen" "--all" "--all-targets" "--message-format=json", kill_on_drop: false }`
[INFO] [stdout] ac8b35e5806d03522218802d00a26019e0a7c2864cf6dc32c1378edd6249d3e1
[INFO] [stderr] WARNING: Your kernel does not support swap limit capabilities or the cgroup is not mounted. Memory limited without swap.
[INFO] running `Command { std: "docker" "start" "-a" "ac8b35e5806d03522218802d00a26019e0a7c2864cf6dc32c1378edd6249d3e1", kill_on_drop: false }`
[INFO] [stderr]     Blocking waiting for file lock on package cache
[INFO] [stderr]    Compiling syn v1.0.39
[INFO] [stderr]    Compiling memchr v2.3.3
[INFO] [stderr]     Checking futures-core v0.3.5
[INFO] [stderr]    Compiling log v0.4.11
[INFO] [stderr]     Checking pin-project-lite v0.1.7
[INFO] [stderr]     Checking once_cell v1.4.1
[INFO] [stderr]    Compiling proc-macro-nested v0.1.6
[INFO] [stderr]     Checking futures-io v0.3.5
[INFO] [stderr]     Checking futures-sink v0.3.5
[INFO] [stderr]     Checking arc-swap v0.4.7
[INFO] [stderr]     Checking pin-utils v0.1.0
[INFO] [stderr]    Compiling typenum v1.12.0
[INFO] [stderr]     Checking tower-service v0.3.0
[INFO] [stderr]    Compiling byteorder v1.3.4
[INFO] [stderr]     Checking regex-syntax v0.6.18
[INFO] [stderr]     Checking byte-tools v0.3.1
[INFO] [stderr]     Checking subtle v1.0.0
[INFO] [stderr]     Checking zeroize v1.1.0
[INFO] [stderr]    Compiling native-tls v0.2.4
[INFO] [stderr]     Checking opaque-debug v0.2.3
[INFO] [stderr]     Checking openssl-probe v0.1.2
[INFO] [stderr]     Checking hex v0.4.2
[INFO] [stderr]     Checking md5 v0.7.0
[INFO] [stderr]     Checking percent-encoding v2.1.0
[INFO] [stderr]     Checking xml-rs v0.8.3
[INFO] [stderr]    Compiling getrandom v0.1.14
[INFO] [stderr]     Checking cache-padded v1.1.1
[INFO] [stderr]     Checking waker-fn v1.0.0
[INFO] [stderr]     Checking parking v2.0.0
[INFO] [stderr]     Checking event-listener v2.4.0
[INFO] [stderr]     Checking fastrand v1.3.4
[INFO] [stderr]     Checking parking v1.0.6
[INFO] [stderr]     Checking atomic-waker v1.0.0
[INFO] [stderr]     Checking scoped-tls v1.0.0
[INFO] [stderr]     Checking async-task v3.0.0
[INFO] [stderr]    Compiling indexmap v1.5.1
[INFO] [stderr]     Checking tracing-core v0.1.15
[INFO] [stderr]    Compiling num-traits v0.2.12
[INFO] [stderr]     Checking thread_local v1.0.1
[INFO] [stderr]    Compiling standback v0.2.10
[INFO] [stderr]    Compiling time v0.2.16
[INFO] [stderr]     Checking http v0.2.1
[INFO] [stderr]     Checking block-padding v0.1.5
[INFO] [stderr]     Checking futures-channel v0.3.5
[INFO] [stderr]     Checking futures-task v0.3.5
[INFO] [stderr]     Checking concurrent-queue v1.2.2
[INFO] [stderr]     Checking net2 v0.2.34
[INFO] [stderr]     Checking signal-hook-registry v1.2.1
[INFO] [stderr]     Checking socket2 v0.3.12
[INFO] [stderr]     Checking dirs-sys v0.3.5
[INFO] [stderr]    Compiling rusoto_core v0.44.0
[INFO] [stderr]    Compiling rusoto_core v0.43.0
[INFO] [stderr]     Checking openssl v0.10.30
[INFO] [stderr]     Checking async-channel v1.4.0
[INFO] [stderr]     Checking dirs v2.0.2
[INFO] [stderr]     Checking tracing v0.1.19
[INFO] [stderr]     Checking want v0.3.0
[INFO] [stderr]     Checking rand_core v0.5.1
[INFO] [stderr]     Checking aho-corasick v0.7.13
[INFO] [stderr]     Checking futures-lite v0.1.11
[INFO] [stderr]     Checking mio v0.6.22
[INFO] [stderr]     Checking rand_chacha v0.2.2
[INFO] [stderr]     Checking rand v0.7.3
[INFO] [stderr]     Checking blocking v0.4.7
[INFO] [stderr]     Checking num-integer v0.1.43
[INFO] [stderr]     Checking mio-uds v0.6.8
[INFO] [stderr]     Checking generic-array v0.12.3
[INFO] [stderr]     Checking digest v0.8.1
[INFO] [stderr]     Checking crypto-mac v0.7.0
[INFO] [stderr]     Checking block-buffer v0.7.3
[INFO] [stderr]     Checking hmac v0.7.1
[INFO] [stderr]     Checking sha2 v0.8.2
[INFO] [stderr]     Checking uuid v0.8.1
[INFO] [stderr]     Checking http-body v0.3.1
[INFO] [stderr]     Checking regex v1.3.9
[INFO] [stderr]    Compiling pin-project-internal v0.4.23
[INFO] [stderr]    Compiling futures-macro v0.3.5
[INFO] [stderr]    Compiling tokio-macros v0.2.5
[INFO] [stderr]    Compiling serde_derive v1.0.115
[INFO] [stderr]    Compiling time-macros-impl v0.1.1
[INFO] [stderr]    Compiling async-trait v0.1.38
[INFO] [stderr]     Checking tokio v0.2.22
[INFO] [stderr]     Checking time-macros v0.1.0
[INFO] [stderr]     Checking pin-project v0.4.23
[INFO] [stderr]     Checking futures-util v0.3.5
[INFO] [stderr]     Checking serde v1.0.115
[INFO] [stderr]     Checking tokio-util v0.3.1
[INFO] [stderr]     Checking tokio-tls v0.3.1
[INFO] [stderr]     Checking h2 v0.2.6
[INFO] [stderr]     Checking futures-executor v0.3.5
[INFO] [stderr]     Checking smol v0.1.18
[INFO] [stderr]     Checking futures v0.3.5
[INFO] [stderr]     Checking serde_json v1.0.57
[INFO] [stderr]     Checking chrono v0.4.15
[INFO] [stderr]     Checking hyper v0.13.7
[INFO] [stderr]     Checking hyper-tls v0.4.3
[INFO] [stderr]     Checking rusoto_credential v0.43.0
[INFO] [stderr]     Checking rusoto_credential v0.44.0
[INFO] [stderr]     Checking rusoto_signature v0.43.0
[INFO] [stderr]     Checking rusoto_signature v0.44.0
[INFO] [stderr]     Checking rusoto_s3 v0.43.0
[INFO] [stderr]     Checking rusoto_dynamodb v0.43.0
[INFO] [stderr]     Checking rusoto_dynamodb v0.44.0
[INFO] [stderr]     Checking serde_dynamodb v0.5.1
[INFO] [stderr]     Checking insignia-datastore v0.1.2 (/opt/rustwide/workdir)
[INFO] [stdout] warning: unused imports: `DeleteTableInput`, `GetItemInput`, `ListTablesInput`, `ScanInput`
[INFO] [stdout]   --> src/lib.rs:19:5
[INFO] [stdout]    |
[INFO] [stdout] 19 |     DeleteTableInput, 
[INFO] [stdout]    |     ^^^^^^^^^^^^^^^^
[INFO] [stdout] ...
[INFO] [stdout] 22 |     GetItemInput,
[INFO] [stdout]    |     ^^^^^^^^^^^^
[INFO] [stdout] ...
[INFO] [stdout] 25 |     ListTablesInput, 
[INFO] [stdout]    |     ^^^^^^^^^^^^^^^
[INFO] [stdout] ...
[INFO] [stdout] 30 |     ScanInput
[INFO] [stdout]    |     ^^^^^^^^^
[INFO] [stdout]    |
[INFO] [stdout]    = note: `#[warn(unused_imports)]` on by default
[INFO] [stdout] 
[INFO] [stdout] 
[INFO] [stdout] warning: unused import: `AwsCredentials`
[INFO] [stdout]   --> src/lib.rs:32:25
[INFO] [stdout]    |
[INFO] [stdout] 32 | use rusoto_credential::{AwsCredentials, EnvironmentProvider, ProvideAwsCredentials};
[INFO] [stdout]    |                         ^^^^^^^^^^^^^^
[INFO] [stdout] 
[INFO] [stdout] 
[INFO] [stdout] warning: unused import: `warn`
[INFO] [stdout]   --> src/lib.rs:37:17
[INFO] [stdout]    |
[INFO] [stdout] 37 | use log::{info, warn, error};
[INFO] [stdout]    |                 ^^^^
[INFO] [stdout] 
[INFO] [stdout] 
[INFO] [stdout] warning: unused import: `self`
[INFO] [stdout]   --> src/lib.rs:47:23
[INFO] [stdout]    |
[INFO] [stdout] 47 | use futures::stream::{self, StreamExt};
[INFO] [stdout]    |                       ^^^^
[INFO] [stdout] 
[INFO] [stdout] 
[INFO] [stdout] warning: unused imports: `DeleteTableInput`, `GetItemInput`, `ListTablesInput`, `ScanInput`
[INFO] [stdout]   --> src/lib.rs:19:5
[INFO] [stdout]    |
[INFO] [stdout] 19 |     DeleteTableInput, 
[INFO] [stdout]    |     ^^^^^^^^^^^^^^^^
[INFO] [stdout] ...
[INFO] [stdout] 22 |     GetItemInput,
[INFO] [stdout]    |     ^^^^^^^^^^^^
[INFO] [stdout] ...
[INFO] [stdout] 25 |     ListTablesInput, 
[INFO] [stdout]    |     ^^^^^^^^^^^^^^^
[INFO] [stdout] ...
[INFO] [stdout] 30 |     ScanInput
[INFO] [stdout]    |     ^^^^^^^^^
[INFO] [stdout]    |
[INFO] [stdout]    = note: `#[warn(unused_imports)]` on by default
[INFO] [stdout] 
[INFO] [stdout] 
[INFO] [stdout] warning: unused import: `AwsCredentials`
[INFO] [stdout]   --> src/lib.rs:32:25
[INFO] [stdout]    |
[INFO] [stdout] 32 | use rusoto_credential::{AwsCredentials, EnvironmentProvider, ProvideAwsCredentials};
[INFO] [stdout]    |                         ^^^^^^^^^^^^^^
[INFO] [stdout] 
[INFO] [stdout] 
[INFO] [stdout] warning: unused import: `warn`
[INFO] [stdout]   --> src/lib.rs:37:17
[INFO] [stdout]    |
[INFO] [stdout] 37 | use log::{info, warn, error};
[INFO] [stdout]    |                 ^^^^
[INFO] [stdout] 
[INFO] [stdout] 
[INFO] [stdout] warning: unused import: `self`
[INFO] [stdout]   --> src/lib.rs:47:23
[INFO] [stdout]    |
[INFO] [stdout] 47 | use futures::stream::{self, StreamExt};
[INFO] [stdout]    |                       ^^^^
[INFO] [stdout] 
[INFO] [stdout] 
[INFO] [stdout] error[E0308]: mismatched types
[INFO] [stdout]    --> src/lib.rs:221:19
[INFO] [stdout]     |
[INFO] [stdout] 221 |             item: serde_dynamodb::to_hashmap(&edge).unwrap(),
[INFO] [stdout]     |                   ^^^^^^^^^^^^^^^^^^^^^^^^^^^^^^^^^^^^^^^^^^ expected struct `rusoto_dynamodb::AttributeValue`, found struct `rusoto_dynamodb::generated::AttributeValue`
[INFO] [stdout]     |
[INFO] [stdout]     = note: expected struct `std::collections::HashMap<_, rusoto_dynamodb::AttributeValue>`
[INFO] [stdout]                found struct `std::collections::HashMap<_, rusoto_dynamodb::generated::AttributeValue>`
[INFO] [stdout]     = note: perhaps two different versions of crate `rusoto_dynamodb` are being used?
[INFO] [stdout] 
[INFO] [stdout] 
[INFO] [stdout] error[E0308]: mismatched types
[INFO] [stdout]    --> src/lib.rs:221:19
[INFO] [stdout]     |
[INFO] [stdout] 221 |             item: serde_dynamodb::to_hashmap(&edge).unwrap(),
[INFO] [stdout]     |                   ^^^^^^^^^^^^^^^^^^^^^^^^^^^^^^^^^^^^^^^^^^ expected struct `rusoto_dynamodb::AttributeValue`, found struct `rusoto_dynamodb::generated::AttributeValue`
[INFO] [stdout]     |
[INFO] [stdout]     = note: expected struct `std::collections::HashMap<_, rusoto_dynamodb::AttributeValue>`
[INFO] [stdout]                found struct `std::collections::HashMap<_, rusoto_dynamodb::generated::AttributeValue>`
[INFO] [stdout]     = note: perhaps two different versions of crate `rusoto_dynamodb` are being used?
[INFO] [stdout] 
[INFO] [stdout] 
[INFO] [stdout] error[E0308]: mismatched types
[INFO] [stdout]    --> src/lib.rs:248:109
[INFO] [stdout]     |
[INFO] [stdout] 248 |                     res.items.unwrap_or_else(|| vec![]).into_iter().map(|item| serde_dynamodb::from_hashmap(item).unwrap()).collect()
[INFO] [stdout]     |                                                                                                             ^^^^ expected struct `rusoto_dynamodb::generated::AttributeValue`, found struct `rusoto_dynamodb::AttributeValue`
[INFO] [stdout]     |
[INFO] [stdout]     = note: expected struct `std::collections::HashMap<_, rusoto_dynamodb::generated::AttributeValue, _>`
[INFO] [stdout]                found struct `std::collections::HashMap<_, rusoto_dynamodb::AttributeValue, std::collections::hash_map::RandomState>`
[INFO] [stdout]     = note: perhaps two different versions of crate `rusoto_dynamodb` are being used?
[INFO] [stdout] 
[INFO] [stdout] 
[INFO] [stdout] error[E0308]: mismatched types
[INFO] [stdout]    --> src/lib.rs:272:109
[INFO] [stdout]     |
[INFO] [stdout] 272 |                     res.items.unwrap_or_else(|| vec![]).into_iter().map(|item| serde_dynamodb::from_hashmap(item).unwrap()).collect()
[INFO] [stdout]     |                                                                                                             ^^^^ expected struct `rusoto_dynamodb::generated::AttributeValue`, found struct `rusoto_dynamodb::AttributeValue`
[INFO] [stdout]     |
[INFO] [stdout]     = note: expected struct `std::collections::HashMap<_, rusoto_dynamodb::generated::AttributeValue, _>`
[INFO] [stdout]                found struct `std::collections::HashMap<_, rusoto_dynamodb::AttributeValue, std::collections::hash_map::RandomState>`
[INFO] [stdout]     = note: perhaps two different versions of crate `rusoto_dynamodb` are being used?
[INFO] [stdout] 
[INFO] [stdout] 
[INFO] [stdout] error[E0308]: mismatched types
[INFO] [stdout]    --> src/lib.rs:248:109
[INFO] [stdout]     |
[INFO] [stdout] 248 |                     res.items.unwrap_or_else(|| vec![]).into_iter().map(|item| serde_dynamodb::from_hashmap(item).unwrap()).collect()
[INFO] [stdout]     |                                                                                                             ^^^^ expected struct `rusoto_dynamodb::generated::AttributeValue`, found struct `rusoto_dynamodb::AttributeValue`
[INFO] [stdout]     |
[INFO] [stdout]     = note: expected struct `std::collections::HashMap<_, rusoto_dynamodb::generated::AttributeValue, _>`
[INFO] [stdout]                found struct `std::collections::HashMap<_, rusoto_dynamodb::AttributeValue, std::collections::hash_map::RandomState>`
[INFO] [stdout]     = note: perhaps two different versions of crate `rusoto_dynamodb` are being used?
[INFO] [stdout] 
[INFO] [stdout] 
[INFO] [stdout] error[E0308]: mismatched types
[INFO] [stdout]    --> src/lib.rs:272:109
[INFO] [stdout]     |
[INFO] [stdout] 272 |                     res.items.unwrap_or_else(|| vec![]).into_iter().map(|item| serde_dynamodb::from_hashmap(item).unwrap()).collect()
[INFO] [stdout]     |                                                                                                             ^^^^ expected struct `rusoto_dynamodb::generated::AttributeValue`, found struct `rusoto_dynamodb::AttributeValue`
[INFO] [stdout]     |
[INFO] [stdout]     = note: expected struct `std::collections::HashMap<_, rusoto_dynamodb::generated::AttributeValue, _>`
[INFO] [stdout]                found struct `std::collections::HashMap<_, rusoto_dynamodb::AttributeValue, std::collections::hash_map::RandomState>`
[INFO] [stdout]     = note: perhaps two different versions of crate `rusoto_dynamodb` are being used?
[INFO] [stdout] 
[INFO] [stdout] 
[INFO] [stdout] error[E0308]: mismatched types
[INFO] [stdout]    --> src/lib.rs:708:109
[INFO] [stdout]     |
[INFO] [stdout] 708 |                     res.items.unwrap_or_else(|| vec![]).into_iter().map(|item| serde_dynamodb::from_hashmap(item).unwrap()).collect()
[INFO] [stdout]     |                                                                                                             ^^^^ expected struct `rusoto_dynamodb::generated::AttributeValue`, found struct `rusoto_dynamodb::AttributeValue`
[INFO] [stdout]     |
[INFO] [stdout]     = note: expected struct `std::collections::HashMap<_, rusoto_dynamodb::generated::AttributeValue, _>`
[INFO] [stdout]                found struct `std::collections::HashMap<_, rusoto_dynamodb::AttributeValue, std::collections::hash_map::RandomState>`
[INFO] [stdout]     = note: perhaps two different versions of crate `rusoto_dynamodb` are being used?
[INFO] [stdout] 
[INFO] [stdout] 
[INFO] [stdout] error[E0308]: mismatched types
[INFO] [stdout]    --> src/lib.rs:579:109
[INFO] [stdout]     |
[INFO] [stdout] 579 |                     res.items.unwrap_or_else(|| vec![]).into_iter().map(|item| serde_dynamodb::from_hashmap(item).unwrap()).collect()
[INFO] [stdout]     |                                                                                                             ^^^^ expected struct `rusoto_dynamodb::generated::AttributeValue`, found struct `rusoto_dynamodb::AttributeValue`
[INFO] [stdout]     |
[INFO] [stdout]     = note: expected struct `std::collections::HashMap<_, rusoto_dynamodb::generated::AttributeValue, _>`
[INFO] [stdout]                found struct `std::collections::HashMap<_, rusoto_dynamodb::AttributeValue, std::collections::hash_map::RandomState>`
[INFO] [stdout]     = note: perhaps two different versions of crate `rusoto_dynamodb` are being used?
[INFO] [stdout] 
[INFO] [stdout] 
[INFO] [stdout] error[E0308]: mismatched types
[INFO] [stdout]    --> src/lib.rs:708:109
[INFO] [stdout]     |
[INFO] [stdout] 708 |                     res.items.unwrap_or_else(|| vec![]).into_iter().map(|item| serde_dynamodb::from_hashmap(item).unwrap()).collect()
[INFO] [stdout]     |                                                                                                             ^^^^ expected struct `rusoto_dynamodb::generated::AttributeValue`, found struct `rusoto_dynamodb::AttributeValue`
[INFO] [stdout]     |
[INFO] [stdout]     = note: expected struct `std::collections::HashMap<_, rusoto_dynamodb::generated::AttributeValue, _>`
[INFO] [stdout]                found struct `std::collections::HashMap<_, rusoto_dynamodb::AttributeValue, std::collections::hash_map::RandomState>`
[INFO] [stdout]     = note: perhaps two different versions of crate `rusoto_dynamodb` are being used?
[INFO] [stdout] 
[INFO] [stdout] 
[INFO] [stdout] error[E0308]: mismatched types
[INFO] [stdout]    --> src/lib.rs:579:109
[INFO] [stdout]     |
[INFO] [stdout] 579 |                     res.items.unwrap_or_else(|| vec![]).into_iter().map(|item| serde_dynamodb::from_hashmap(item).unwrap()).collect()
[INFO] [stdout]     |                                                                                                             ^^^^ expected struct `rusoto_dynamodb::generated::AttributeValue`, found struct `rusoto_dynamodb::AttributeValue`
[INFO] [stdout]     |
[INFO] [stdout]     = note: expected struct `std::collections::HashMap<_, rusoto_dynamodb::generated::AttributeValue, _>`
[INFO] [stdout]                found struct `std::collections::HashMap<_, rusoto_dynamodb::AttributeValue, std::collections::hash_map::RandomState>`
[INFO] [stdout]     = note: perhaps two different versions of crate `rusoto_dynamodb` are being used?
[INFO] [stdout] 
[INFO] [stdout] 
[INFO] [stdout] error[E0308]: mismatched types
[INFO] [stdout]    --> src/lib.rs:791:109
[INFO] [stdout]     |
[INFO] [stdout] 791 |                     res.items.unwrap_or_else(|| vec![]).into_iter().map(|item| serde_dynamodb::from_hashmap(item).unwrap()).collect()
[INFO] [stdout]     |                                                                                                             ^^^^ expected struct `rusoto_dynamodb::generated::AttributeValue`, found struct `rusoto_dynamodb::AttributeValue`
[INFO] [stdout]     |
[INFO] [stdout]     = note: expected struct `std::collections::HashMap<_, rusoto_dynamodb::generated::AttributeValue, _>`
[INFO] [stdout]                found struct `std::collections::HashMap<_, rusoto_dynamodb::AttributeValue, std::collections::hash_map::RandomState>`
[INFO] [stdout]     = note: perhaps two different versions of crate `rusoto_dynamodb` are being used?
[INFO] [stdout] 
[INFO] [stdout] 
[INFO] [stdout] error[E0308]: mismatched types
[INFO] [stdout]    --> src/lib.rs:791:109
[INFO] [stdout]     |
[INFO] [stdout] 791 |                     res.items.unwrap_or_else(|| vec![]).into_iter().map(|item| serde_dynamodb::from_hashmap(item).unwrap()).collect()
[INFO] [stdout]     |                                                                                                             ^^^^ expected struct `rusoto_dynamodb::generated::AttributeValue`, found struct `rusoto_dynamodb::AttributeValue`
[INFO] [stdout]     |
[INFO] [stdout]     = note: expected struct `std::collections::HashMap<_, rusoto_dynamodb::generated::AttributeValue, _>`
[INFO] [stdout]                found struct `std::collections::HashMap<_, rusoto_dynamodb::AttributeValue, std::collections::hash_map::RandomState>`
[INFO] [stdout]     = note: perhaps two different versions of crate `rusoto_dynamodb` are being used?
[INFO] [stdout] 
[INFO] [stdout] 
[INFO] [stdout] error[E0308]: mismatched types
[INFO] [stdout]    --> src/lib.rs:825:109
[INFO] [stdout]     |
[INFO] [stdout] 825 |                     res.items.unwrap_or_else(|| vec![]).into_iter().map(|item| serde_dynamodb::from_hashmap(item).unwrap()).collect()
[INFO] [stdout]     |                                                                                                             ^^^^ expected struct `rusoto_dynamodb::generated::AttributeValue`, found struct `rusoto_dynamodb::AttributeValue`
[INFO] [stdout]     |
[INFO] [stdout]     = note: expected struct `std::collections::HashMap<_, rusoto_dynamodb::generated::AttributeValue, _>`
[INFO] [stdout]                found struct `std::collections::HashMap<_, rusoto_dynamodb::AttributeValue, std::collections::hash_map::RandomState>`
[INFO] [stdout]     = note: perhaps two different versions of crate `rusoto_dynamodb` are being used?
[INFO] [stdout] 
[INFO] [stdout] 
[INFO] [stdout] error[E0308]: mismatched types
[INFO] [stdout]    --> src/lib.rs:825:109
[INFO] [stdout]     |
[INFO] [stdout] 825 |                     res.items.unwrap_or_else(|| vec![]).into_iter().map(|item| serde_dynamodb::from_hashmap(item).unwrap()).collect()
[INFO] [stdout]     |                                                                                                             ^^^^ expected struct `rusoto_dynamodb::generated::AttributeValue`, found struct `rusoto_dynamodb::AttributeValue`
[INFO] [stdout]     |
[INFO] [stdout]     = note: expected struct `std::collections::HashMap<_, rusoto_dynamodb::generated::AttributeValue, _>`
[INFO] [stdout]                found struct `std::collections::HashMap<_, rusoto_dynamodb::AttributeValue, std::collections::hash_map::RandomState>`
[INFO] [stdout]     = note: perhaps two different versions of crate `rusoto_dynamodb` are being used?
[INFO] [stdout] 
[INFO] [stdout] 
[INFO] [stdout] warning: unused import: `StreamExt`
[INFO] [stdout]   --> src/lib.rs:47:29
[INFO] [stdout]    |
[INFO] [stdout] 47 | use futures::stream::{self, StreamExt};
[INFO] [stdout]    |                             ^^^^^^^^^
[INFO] [stdout] 
[INFO] [stdout] 
[INFO] [stdout] error: aborting due to 7 previous errors; 5 warnings emitted
[INFO] [stdout] 
[INFO] [stdout] 
[INFO] [stdout] For more information about this error, try `rustc --explain E0308`.
[INFO] [stdout] 
[INFO] [stderr] error: could not compile `insignia-datastore`.
[INFO] [stderr] 
[INFO] [stderr] To learn more, run the command again with --verbose.
[INFO] [stderr] warning: build failed, waiting for other jobs to finish...
[INFO] [stdout] warning: unused import: `StreamExt`
[INFO] [stdout]   --> src/lib.rs:47:29
[INFO] [stdout]    |
[INFO] [stdout] 47 | use futures::stream::{self, StreamExt};
[INFO] [stdout]    |                             ^^^^^^^^^
[INFO] [stdout] 
[INFO] [stdout] 
[INFO] [stdout] error: aborting due to 7 previous errors; 5 warnings emitted
[INFO] [stdout] 
[INFO] [stdout] 
[INFO] [stdout] For more information about this error, try `rustc --explain E0308`.
[INFO] [stdout] 
[INFO] [stderr] error: build failed
[INFO] running `Command { std: "docker" "inspect" "ac8b35e5806d03522218802d00a26019e0a7c2864cf6dc32c1378edd6249d3e1", kill_on_drop: false }`
[INFO] running `Command { std: "docker" "rm" "-f" "ac8b35e5806d03522218802d00a26019e0a7c2864cf6dc32c1378edd6249d3e1", kill_on_drop: false }`
[INFO] [stdout] ac8b35e5806d03522218802d00a26019e0a7c2864cf6dc32c1378edd6249d3e1
